{"id":151,"date":"2020-06-29T15:01:21","date_gmt":"2020-06-29T15:01:21","guid":{"rendered":"http:\/\/www.vodny-mlyn-predajna.sk\/?page_id=151"},"modified":"2020-07-07T10:02:38","modified_gmt":"2020-07-07T10:02:38","slug":"nasypnik","status":"publish","type":"page","link":"https:\/\/www.vodny-mlyn-predajna.sk\/?page_id=151","title":{"rendered":"n\u00e1sypn\u00edk"},"content":{"rendered":"\n<p>n\u00e1sypn\u00edk je lievikovit\u00e1 n\u00e1doba, do ktorej sa vysypalo obilie, ktor\u00e9 do mlyna doviezli. Spodn\u00fdm otvorom na tomto lieviku sa obilie sypalo priamo do mlecieho zariadenia (\u017earnov), alebo do v\u00fd\u0165ahu (kor\u010dekov\u00e9ho dopravn\u00edka), z&nbsp;ktor\u00e9ho putovalo \u010falej do triediacich alebo mlec\u00edch zariaden\u00ed. <\/p>\n\n\n\n<figure class=\"wp-block-image size-large\"><img loading=\"lazy\" width=\"1024\" height=\"846\" src=\"http:\/\/www.vodny-mlyn-predajna.sk\/wp-content\/uploads\/2020\/05\/n\u00e1sypn\u00edky-s-v\u00e1hou-1024x846.jpg\" alt=\"\" class=\"wp-image-127\" srcset=\"https:\/\/www.vodny-mlyn-predajna.sk\/wp-content\/uploads\/2020\/05\/n\u00e1sypn\u00edky-s-v\u00e1hou-1024x846.jpg 1024w, https:\/\/www.vodny-mlyn-predajna.sk\/wp-content\/uploads\/2020\/05\/n\u00e1sypn\u00edky-s-v\u00e1hou-300x248.jpg 300w, https:\/\/www.vodny-mlyn-predajna.sk\/wp-content\/uploads\/2020\/05\/n\u00e1sypn\u00edky-s-v\u00e1hou-768x634.jpg 768w, https:\/\/www.vodny-mlyn-predajna.sk\/wp-content\/uploads\/2020\/05\/n\u00e1sypn\u00edky-s-v\u00e1hou-1536x1268.jpg 1536w, https:\/\/www.vodny-mlyn-predajna.sk\/wp-content\/uploads\/2020\/05\/n\u00e1sypn\u00edky-s-v\u00e1hou-2048x1691.jpg 2048w\" sizes=\"(max-width: 767px) 89vw, (max-width: 1000px) 54vw, (max-width: 1071px) 543px, 580px\" \/><\/figure>\n\n\n\n<p>foto: M. \u017dec<\/p>\n\n\n\n<p><\/p>\n","protected":false},"excerpt":{"rendered":"<p>n\u00e1sypn\u00edk je lievikovit\u00e1 n\u00e1doba, do ktorej sa vysypalo obilie, ktor\u00e9 do mlyna doviezli. Spodn\u00fdm otvorom na tomto lieviku sa obilie sypalo priamo do mlecieho zariadenia (\u017earnov), alebo do v\u00fd\u0165ahu (kor\u010dekov\u00e9ho dopravn\u00edka), z&nbsp;ktor\u00e9ho putovalo \u010falej do triediacich alebo mlec\u00edch zariaden\u00ed. foto: M. \u017dec<\/p>\n","protected":false},"author":1,"featured_media":0,"parent":17,"menu_order":0,"comment_status":"closed","ping_status":"closed","template":"","meta":[],"_links":{"self":[{"href":"https:\/\/www.vodny-mlyn-predajna.sk\/index.php?rest_route=\/wp\/v2\/pages\/151"}],"collection":[{"href":"https:\/\/www.vodny-mlyn-predajna.sk\/index.php?rest_route=\/wp\/v2\/pages"}],"about":[{"href":"https:\/\/www.vodny-mlyn-predajna.sk\/index.php?rest_route=\/wp\/v2\/types\/page"}],"author":[{"embeddable":true,"href":"https:\/\/www.vodny-mlyn-predajna.sk\/index.php?rest_route=\/wp\/v2\/users\/1"}],"replies":[{"embeddable":true,"href":"https:\/\/www.vodny-mlyn-predajna.sk\/index.php?rest_route=%2Fwp%2Fv2%2Fcomments&post=151"}],"version-history":[{"count":5,"href":"https:\/\/www.vodny-mlyn-predajna.sk\/index.php?rest_route=\/wp\/v2\/pages\/151\/revisions"}],"predecessor-version":[{"id":178,"href":"https:\/\/www.vodny-mlyn-predajna.sk\/index.php?rest_route=\/wp\/v2\/pages\/151\/revisions\/178"}],"up":[{"embeddable":true,"href":"https:\/\/www.vodny-mlyn-predajna.sk\/index.php?rest_route=\/wp\/v2\/pages\/17"}],"wp:attachment":[{"href":"https:\/\/www.vodny-mlyn-predajna.sk\/index.php?rest_route=%2Fwp%2Fv2%2Fmedia&parent=151"}],"curies":[{"name":"wp","href":"https:\/\/api.w.org\/{rel}","templated":true}]}}