{"id":16,"date":"2020-05-13T17:00:44","date_gmt":"2020-05-13T17:00:44","guid":{"rendered":"http:\/\/www.vodny-mlyn-predajna.sk\/?page_id=16"},"modified":"2022-01-26T10:14:46","modified_gmt":"2022-01-26T10:14:46","slug":"kalendar-podujati","status":"publish","type":"page","link":"https:\/\/www.vodny-mlyn-predajna.sk\/?page_id=16","title":{"rendered":"kalend\u00e1r podujat\u00ed"},"content":{"rendered":"\n<p><span class=\"has-inline-color has-luminous-vivid-orange-color\"><strong>V z\u00e1hrade pri vodnom mlyne je mo\u017enos\u0165 kempova\u0165 v r\u00e1mci projetku Humnokemp, podrobnosti na <\/strong><a href=\"https:\/\/www.humnokemp.sk\/k\/sady-a-zahrady\/\" target=\"_blank\" rel=\"noreferrer noopener\">www.humnokemp.sk\/h\/vodny-mlyn-v-predajnej<\/a><\/span><\/p>\n\n\n\n<p><em><strong>Expoz\u00edciu zariadenia mlyna je mo\u017en\u00e9 si prezrie\u0165 aj po\u010das zimn\u00fdch mesiacov po telefonickom dohovore s p\u00e1nom \u010cipkom. <\/strong><\/em><\/p>\n\n\n\n<figure class=\"wp-block-table is-style-stripes\"><table><tbody><tr><td><strong>2022<\/strong><\/td><td><\/td><\/tr><tr><td><strong>1.<\/strong> <strong>j\u00fan<\/strong><\/td><td>De\u0148 det\u00ed v mlyne <\/td><\/tr><\/tbody><\/table><\/figure>\n\n\n\n\n\n<p><\/p>\n","protected":false},"excerpt":{"rendered":"<p>V z\u00e1hrade pri vodnom mlyne je mo\u017enos\u0165 kempova\u0165 v r\u00e1mci projetku Humnokemp, podrobnosti na www.humnokemp.sk\/h\/vodny-mlyn-v-predajnej Expoz\u00edciu zariadenia mlyna je mo\u017en\u00e9 si prezrie\u0165 aj po\u010das zimn\u00fdch mesiacov po telefonickom dohovore s p\u00e1nom \u010cipkom. 2022 1. j\u00fan De\u0148 det\u00ed v mlyne<\/p>\n","protected":false},"author":1,"featured_media":0,"parent":0,"menu_order":0,"comment_status":"closed","ping_status":"closed","template":"","meta":[],"_links":{"self":[{"href":"https:\/\/www.vodny-mlyn-predajna.sk\/index.php?rest_route=\/wp\/v2\/pages\/16"}],"collection":[{"href":"https:\/\/www.vodny-mlyn-predajna.sk\/index.php?rest_route=\/wp\/v2\/pages"}],"about":[{"href":"https:\/\/www.vodny-mlyn-predajna.sk\/index.php?rest_route=\/wp\/v2\/types\/page"}],"author":[{"embeddable":true,"href":"https:\/\/www.vodny-mlyn-predajna.sk\/index.php?rest_route=\/wp\/v2\/users\/1"}],"replies":[{"embeddable":true,"href":"https:\/\/www.vodny-mlyn-predajna.sk\/index.php?rest_route=%2Fwp%2Fv2%2Fcomments&post=16"}],"version-history":[{"count":19,"href":"https:\/\/www.vodny-mlyn-predajna.sk\/index.php?rest_route=\/wp\/v2\/pages\/16\/revisions"}],"predecessor-version":[{"id":258,"href":"https:\/\/www.vodny-mlyn-predajna.sk\/index.php?rest_route=\/wp\/v2\/pages\/16\/revisions\/258"}],"wp:attachment":[{"href":"https:\/\/www.vodny-mlyn-predajna.sk\/index.php?rest_route=%2Fwp%2Fv2%2Fmedia&parent=16"}],"curies":[{"name":"wp","href":"https:\/\/api.w.org\/{rel}","templated":true}]}}