{"id":17,"date":"2020-05-13T17:00:44","date_gmt":"2020-05-13T17:00:44","guid":{"rendered":"http:\/\/www.vodny-mlyn-predajna.sk\/?page_id=17"},"modified":"2020-07-07T11:19:20","modified_gmt":"2020-07-07T11:19:20","slug":"technicke-zariadenie-mlyna","status":"publish","type":"page","link":"https:\/\/www.vodny-mlyn-predajna.sk\/?page_id=17","title":{"rendered":"technologick\u00e9 zariadenie mlyna"},"content":{"rendered":"\n<p>V&nbsp;na\u0161om mlyne existovali 3 sp\u00f4soby mletia obilia:<\/p>\n\n\n\n<div class=\"wp-container-1 wp-block-group\"><div class=\"wp-block-group__inner-container\">\n<ul><li>mletie vo <a href=\"http:\/\/www.vodny-mlyn-predajna.sk\/?page_id=141\"><strong>valcovacej stolici<\/strong> <\/a>\u2013 vznikla hladk\u00e1, polohrub\u00e1, hrub\u00e1 m\u00faka a\u00a0krupica<\/li><li>mletie v\u00a0<a href=\"http:\/\/www.vodny-mlyn-predajna.sk\/?page_id=156\"><strong>\u017earnove<\/strong><\/a> \u2013 vznikla k\u0155mna zmes pre hospod\u00e1rske zvierat\u00e1 (\u0161rot)<\/li><li>v\u00fdroba ja\u010dmenn\u00fdch kr\u00fap v\u00a0<a href=\"http:\/\/www.vodny-mlyn-predajna.sk\/?page_id=191\"><strong>ger\u0161\u0148ovn\u00edku<\/strong><\/a><\/li><\/ul>\n<\/div><\/div>\n\n\n\n<div style=\"height:48px\" aria-hidden=\"true\" class=\"wp-block-spacer\"><\/div>\n\n\n\n<p><a href=\"http:\/\/www.vodny-mlyn-predajna.sk\/?page_id=151\"><strong>n\u00e1sypn\u00edk<\/strong><\/a><\/p>\n\n\n\n<p><a href=\"http:\/\/www.vodny-mlyn-predajna.sk\/?page_id=156\"><strong>\u017earnov<\/strong><\/a><\/p>\n\n\n\n<p><a href=\"http:\/\/www.vodny-mlyn-predajna.sk\/?page_id=159\"><strong>v\u00fd\u0165ahy (kor\u010dekov\u00e9 dopravn\u00edky)<\/strong><\/a><\/p>\n\n\n\n<p><a href=\"http:\/\/www.vodny-mlyn-predajna.sk\/?page_id=161\"><strong>k\u00fako\u013en\u00edk<\/strong><\/a><\/p>\n\n\n\n<p><a href=\"http:\/\/www.vodny-mlyn-predajna.sk\/?page_id=141\"><strong>dvojvalcov\u00e1 stolica<\/strong><\/a><\/p>\n\n\n\n<p><a href=\"http:\/\/www.vodny-mlyn-predajna.sk\/?page_id=181\"><strong>reforma<\/strong><\/a><\/p>\n\n\n\n<p><a href=\"http:\/\/www.vodny-mlyn-predajna.sk\/?page_id=184\"><strong>hranolov\u00fd vyosieva\u010d<\/strong><\/a><\/p>\n\n\n\n<p><a href=\"http:\/\/www.vodny-mlyn-predajna.sk\/?page_id=186\"><strong>ml\u00e1\u0165a\u010dka<\/strong><\/a><\/p>\n\n\n\n<p><a href=\"http:\/\/www.vodny-mlyn-predajna.sk\/?page_id=188\"><strong>\u0161rotovn\u00edk<\/strong><\/a><\/p>\n\n\n\n<p><a href=\"http:\/\/www.vodny-mlyn-predajna.sk\/?page_id=191\"><strong>ger\u0161\u0148ovn\u00edk<\/strong><\/a><\/p>\n","protected":false},"excerpt":{"rendered":"<p>V&nbsp;na\u0161om mlyne existovali 3 sp\u00f4soby mletia obilia: mletie vo valcovacej stolici \u2013 vznikla hladk\u00e1, polohrub\u00e1, hrub\u00e1 m\u00faka a\u00a0krupica mletie v\u00a0\u017earnove \u2013 vznikla k\u0155mna zmes pre hospod\u00e1rske zvierat\u00e1 (\u0161rot) v\u00fdroba ja\u010dmenn\u00fdch kr\u00fap v\u00a0ger\u0161\u0148ovn\u00edku n\u00e1sypn\u00edk \u017earnov v\u00fd\u0165ahy (kor\u010dekov\u00e9 dopravn\u00edky) k\u00fako\u013en\u00edk dvojvalcov\u00e1 stolica reforma hranolov\u00fd vyosieva\u010d ml\u00e1\u0165a\u010dka \u0161rotovn\u00edk ger\u0161\u0148ovn\u00edk<\/p>\n","protected":false},"author":1,"featured_media":0,"parent":0,"menu_order":0,"comment_status":"closed","ping_status":"closed","template":"","meta":[],"_links":{"self":[{"href":"https:\/\/www.vodny-mlyn-predajna.sk\/index.php?rest_route=\/wp\/v2\/pages\/17"}],"collection":[{"href":"https:\/\/www.vodny-mlyn-predajna.sk\/index.php?rest_route=\/wp\/v2\/pages"}],"about":[{"href":"https:\/\/www.vodny-mlyn-predajna.sk\/index.php?rest_route=\/wp\/v2\/types\/page"}],"author":[{"embeddable":true,"href":"https:\/\/www.vodny-mlyn-predajna.sk\/index.php?rest_route=\/wp\/v2\/users\/1"}],"replies":[{"embeddable":true,"href":"https:\/\/www.vodny-mlyn-predajna.sk\/index.php?rest_route=%2Fwp%2Fv2%2Fcomments&post=17"}],"version-history":[{"count":24,"href":"https:\/\/www.vodny-mlyn-predajna.sk\/index.php?rest_route=\/wp\/v2\/pages\/17\/revisions"}],"predecessor-version":[{"id":213,"href":"https:\/\/www.vodny-mlyn-predajna.sk\/index.php?rest_route=\/wp\/v2\/pages\/17\/revisions\/213"}],"wp:attachment":[{"href":"https:\/\/www.vodny-mlyn-predajna.sk\/index.php?rest_route=%2Fwp%2Fv2%2Fmedia&parent=17"}],"curies":[{"name":"wp","href":"https:\/\/api.w.org\/{rel}","templated":true}]}}